(4/6)/(39/k)?
2
Let t(p) = 4*p + p**3 + 323*p**2 + 3*p**3 - 341*p**2. What is the tens digit of t(7)?
1
Let w(t) = 14*t + 25. Let r(g) = -141*g - 252. Let h(n) = -6*r(n) - 63*w(n). What is the units digit of h(-7)?
9
Let p = 2959 - 1901. Let x = 1867 - p. What is the hundreds digit of x?
8
Suppose -5*y + 2*z = 4*z - 25, -4*y - 8 = -4*z. What is the tens digit of (4 - y) + 2 + 393*1?
9
Suppose -6708 = -2*z + 2*w, -141*w - 13465 = -4*z - 144*w. What is the tens digit of z?
6
Suppose 4*w - 2*w + 4*q = 70200, 0 = 2*w - 5*q - 70245. What is the thousands digit of w?
5
Suppose 0 = -21*g + 15*g. Let z(x) = -x**2 - 4*x - 1. Let o be z(-3). Suppose -2*d - 5*v + 3 = g, -o*d = -v - 16 - 5. What is the units digit of d?
9
Let c(o) = o**3 + 19*o**2 + o + 24. Let j be c(-19). Suppose -3*l - 4*d + 995 = 2*l, -2*d + 995 = j*l. What is the units digit of l?
9
Let a be -142 + 0/((-6)/(-3 + -3)). Let c = a - -623. What is the hundreds digit of c?
4
Let k = 470 + -42. Let r be (4 - (6 - -2)) + 2. What is the tens digit of 1/(2/k) - 0/r?
1
Let f(m) = m**2 - 15*m + 21. Let h(r) = -4*r - 153. Let x be h(-33). What is the hundreds digit of f(x)?
7
Suppose 0 = 9*d - 5*m - 51360, 0 = -5*d + 7*d + 4*m - 11398. What is the hundreds digit of d?
7
Let i(h) = 3*h + 33. Let j be i(-11). Suppose j = -4*u, u + 288 = z - 10. What is the tens digit of z?
9
Let a(x) = 214*x - 115. Let k(y) = 143*y - 76. Let l(z) = 5*a(z) - 8*k(z). What is the units digit of l(-4)?
9
Suppose -5*o + 9 = -2*s, -9*s = -4*s - 3*o - 6. Suppose -3*b - 3*q = 33, b = -b - s*q - 23. What is the tens digit of (-5304)/(-60) + (-2 - 16/b)?
8
Let f(b) = -b**2 - 29*b - 10. Let c be f(-12). Suppose 4*w + 61 = 393. Let m = w + c. What is the tens digit of m?
7
Let g(q) be the third derivative of 1/60*q**5 + 0 - 13/6*q**3 + 0*q + 20*q**2 - 3/8*q**4. What is the tens digit of g(14)?
5
Let z be 10 + -1 + (5 - 4). Suppose -2*d - z = -48. What is the tens digit of d?
1
Let o(i) = i**2 - 15*i + 30. Let h be o(13). Suppose 0 = -w + 5, h*c - 5*c + 600 = -2*w. What is the tens digit of c?
1
Suppose -4*b = -2*b - 1652. Suppose -l + 2*v = -b, -4*l + 5*l = v + 828. Suppose -5*x + 1126 = s - 242, -3*x + 4*s = -l. What is the tens digit of x?
7
Let z = -38 - -43. Suppose 128 = z*r - 302. What is the tens digit of r?
8
Let m(o) = -2*o - 9. Let r be m(-7). Let a = -758 + 756. What is the units digit of 7942/95 - a/r?
4
Let p(a) = a**2 - 8*a - 10. Let v be p(-1). Let b be v/2 - (-6734)/(-52). Let z = -86 - b. What is the units digit of z?
4
Let d(a) = -a - 25. Let c be d(-25). Suppose -3*q = 3*n - 66, c = 5*n - 2*q + 6*q - 105. What is the units digit of n?
7
Suppose 5*q - 42 = -4*z, 2*q + 4*z - 22 = 2. Suppose -7*h - 3 = -q*h. Let f(l) = 17*l**2 - 4*l - 5. What is the units digit of f(h)?
0
Let t = 20 + -18. Let h be ((-12)/(-8))/(1334/664 + -2). Suppose -t*o + 0*o = -5*p + 854, -2*o = p - h. What is the hundreds digit of p?
1
Let f = -137 - -95. Let r = f - 205. What is the tens digit of 12 - 17 - (r + 2)?
4
Suppose -x + 3*d = -14, -4*d + 13 = 4*x + x. Suppose x*p - 5 = 0, -2*p = 6*u - u - 102. Let a = 26 - u. What is the units digit of a?
6
Let y(c) = -c**2 - 4*c + 13. Let a be y(-9). Suppose 92*w = 29*w + 2737 + 4508. Let b = w - a. What is the tens digit of b?
4
Let h(z) = 2257*z + 376. What is the thousands digit of h(1)?
2
Suppose 3*i - 26501 - 492 = -2*k, 4*k - 2*i - 53946 = 0. What is the thousands digit of k?
3
Let s(r) = -3*r + 2. Let w(d) = 2*d - 1. Let v(l) = 3*s(l) + 5*w(l). Let q be v(2). Suppose -z + 3 - 4 = 0, 0 = -j - q*z + 200. What is the tens digit of j?
0
Suppose 0 = 3*r - 5*p + 180 + 1225, 2*r = -2*p - 958. Let a be -1*(r + -4)/1. Suppose a = 2*f + 173. What is the hundreds digit of f?
1
Suppose 95276 = 89*r - 87*r. What is the units digit of r?
8
Suppose 0 = -z + 8*z - 13*z + 42. Let a(c) be the first derivative of 3*c**2 - 23*c + 2. What is the tens digit of a(z)?
1
Let j be 4/22 - (-6328)/44. Let m = j + 740. What is the tens digit of m?
8
Let c(a) = 17*a**2 + 42*a - 34. What is the thousands digit of c(-17)?
4
Suppose p = 54 + 32. Let i = p + -245. Let z = i - -357. What is the units digit of z?
8
Let r(f) = -55*f**2 - 568*f - 12. What is the tens digit of r(-6)?
1
Suppose 4*p = -2*m + 73268 + 55650, -4*m + 257797 = -5*p. What is the ten thousands digit of m?
6
What is the tens digit of 104522/55*(23 - -2)?
1
Let l(y) = -y**2 - 1. Let r be l(3). Let w(m) = -m**2 + 8 - 260*m + 790*m - 272*m - 272*m. What is the tens digit of w(r)?
4
Suppose 8*t - 17*t = 9. What is the units digit of 492*(-4)/16*t?
3
Suppose -4*o + 169813 = 5*z, 10*o + 42466 = 11*o - 3*z. What is the thousands digit of o?
2
Suppose -188 - 2602 = 10*z. Let g = 478 + z. What is the tens digit of g?
9
What is the tens digit of (8/10 - (-168)/(-210)) + (-16608)/(-2)?
0
Suppose 2*k - 3*w - 53 = -29, 5*k - 98 = -2*w. Let i(p) = 48*p - 1. Let n be i(1). Let l = n - k. What is the tens digit of l?
2
Suppose 24839 = -58*w + 96062 + 39557. What is the thousands digit of w?
1
Suppose -3*o - 1293 = -5121. Let g = o - 524. What is the units digit of g?
2
Suppose -4*m + 275 = -a - 349, 3*m + 3*a = 468. Suppose -m = 4*j - 2072. What is the units digit of j?
9
Let j(r) = r**3 + 7*r**2 + 10*r + 21. Let z be j(-6). Let l(i) = 67*i**2 + 16*i + 7. What is the hundreds digit of l(z)?
5
Let n = 32963 - 16315. What is the tens digit of n?
4
Let q(k) = -100*k + 30. Let j(c) = -14*c + 4. Let u(l) = 20*j(l) - 3*q(l). Let n be (0 - 1)/(1/(-10)). What is the hundreds digit of u(n)?
1
Suppose 2*z + 0*v - 1618 = -4*v, 3*v = 3. Suppose 10*c - z = 7*c. What is the tens digit of c?
6
Suppose 36*w + 2*o = 33*w + 176018, -3*w = 3*o - 176010. What is the thousands digit of w?
8
Suppose 3*q + t - 5*t + 92 = 0, -4*q = -t + 101. Let b(j) = j**2 + 195*j + 11 - 3 + 44 - 177*j. What is the tens digit of b(q)?
9
Let m = -7 + 3. Let g be (-387)/(-45) + m/(-10). Suppose 41 = 10*w - g*w. What is the units digit of w?
1
Let q = -10 - -261. Suppose l - 744 = q. What is the hundreds digit of l?
9
Let a(l) = l**3 - 4*l**2 - 2*l + 8. Let o be a(4). Let j(y) = -4*y - 2. Let f be j(o). What is the units digit of f/(-4) + 6/((-12)/(-7))?
4
Let h(r) = -r**3 + 13*r**2 + 4*r + 17. Let o(g) = -g. Let b(l) = -h(l) - 5*o(l). Let f be b(9). Let s = -222 - f. What is the units digit of s?
0
Let i be (-4063)/4 + 5 + (-147)/28. Let n = i - -2171. What is the units digit of n?
5
Let n = 88 - 76. Suppose -n*c - 7942 = -23*c. What is the tens digit of c?
2
Suppose -12213*u - 104248 = -12221*u. What is the ten thousands digit of u?
1
Suppose -6*r + 83 = -3*r + 4*h, -133 = -5*r - 4*h. Suppose -7941 - 9909 = -r*b. What is the tens digit of b?
1
Suppose -n - 4*m + 18 = 0, -2*n - 1 = -3*m + 7. Let l(z) = -31*z**n - 7 - 3*z**3 + 4*z**3 + 30*z**2. What is the tens digit of l(4)?
4
Let b be (-75)/(-4) - 5/(-20). Let m(d) = 2 + 3*d**2 + 9*d + 7 + 13*d - b*d. What is the tens digit of m(-4)?
4
Let y(c) = c**3 + 12*c**2 + 13*c - 4. Let w(b) = -3*b**3 - 35*b**2 - 38*b + 11. Let g(x) = 6*w(x) + 17*y(x). What is the units digit of g(-9)?
4
Suppose -2*k - 1194 = -3158. Let u = -544 + k. What is the tens digit of u?
3
Suppose 531*p = 561*p - 181470. What is the hundreds digit of p?
0
Suppose -2*d = -0*d + 3*w + 1124, 0 = 3*d + 4*w + 1687. Let h = 2270 - d. What is the units digit of (4/6)/(18/h)?
5
Let a(t) = 2*t**2 - 112*t + 2453. What is the units digit of a(26)?
3
Suppose -15*s + 40*s = -2650. Let h = 437 - s. What is the hundreds digit of h?
5
Suppose o + 2*n = -0*n + 5, o = n + 11. Suppose 3*k - o*k = -216. Suppose 0 = q + k - 267. What is the units digit of q?
1
Suppose 12*l - 100 = -8*l. What is the hundreds digit of ((-6265)/28)/(l/(-20))?
8
Let o be ((-18)/8)/(99/528). Let k(i) = 8*i**2 + 13*i + 16. What is the hundreds digit of k(o)?
0
Let u(b) = b**2 + 3*b - 3*b - 3387 + 3402. Let l be u(-11). Suppose n = -3*i + l + 57, -n = 2. What is the units digit of i?
5
Suppose -489 - 249 = -3*y. Suppose 247*j = y*j + 669. What is the units digit of j?
9
Suppose -2*k = -4*g, -5 = k - g - 0*g. Let h = 83 - k. Suppose 0 = 4*q - 43 - h. What is the units digit of q?
4
Suppose -64*u - 23*u = -1557020 - 569434. What is the thousands digit of u?
4
Let v(w) = w**3 - 10*w**2 + 13*w - 11. Let n be v(8). Let y = n - -46. Sup